{"id":732,"date":"2025-07-09T07:49:12","date_gmt":"2025-07-09T07:49:12","guid":{"rendered":"https:\/\/www.kairalfs.de\/wordpress\/home-2\/"},"modified":"2026-02-12T09:18:40","modified_gmt":"2026-02-12T09:18:40","slug":"home-2","status":"publish","type":"page","link":"https:\/\/www.kairalfs.de\/wordpress\/home-2\/","title":{"rendered":"Home"},"content":{"rendered":"<p><img fetchpriority=\"high\" decoding=\"async\" width=\"647\" height=\"1024\" src=\"https:\/\/www.kairalfs.de\/wordpress\/wp-content\/uploads\/2025\/06\/5D6286250F921D7110FDE7F5CCD23366FF748ED5464CA5BA5C3B1E67FBBC008C-647x1024.webp\" alt=\"5D6286250F921D7110FDE7F5CCD23366FF748ED5464CA5BA5C3B1E67FBBC008C 647x1024\" title=\"Home\">\t\t\t\t\t\t\t\t\t\t\t\t\t\t\t<\/p>\n<p>Latest Release<\/p>\n<h1>Ausreden und Anekdoten &#8211; Teil 2<\/h1>\n<p>Sportschie\u00dfen ist Pr\u00e4zision, Disziplin und Konzentration &#8211; zumindest in der Theorie. In der Praxis sieht es oft ein klein wenig anders aus: Der Schuss war perfekt gezielt, das Korn war gestochen scharf, die Atmung kontrolliert &#8230; und trotzdem landet der Treffer meilenweit von der Zehn ent-fernt. Und genau an diesem Punkt beginnt die hohe Kunst der Sportsch\u00fctzen-Ausrede.<br style=\"border-color: inherit;box-shadow: none;, Helvetica, Arial, sans-serif;text-align: start\">Denn mal ehrlich: Was w\u00e4ren wir ohne die kleinen, kreativen Erkl\u00e4rungen, mit denen wir unsere Ausrei\u00dfer, Streusch\u00fcsse und v\u00f6lligen Aussetzer charmant verpacken? Ob es am Gewehr lag, an der Erdrotation oder an kosmischen Strahlen &#8211; ein echter Sch\u00fctze l\u00e4sst sich durch Fakten nicht die Pointe verderben.<\/p>\n<p>\t\t\t\t\t<a href=\"https:\/\/buchshop.bod.de\/ausreden-und-anekdoten-fuer-sportschuetzen-teil-2-kai-uwe-ralfs-9783819212390\" target=\"_blank\"><br \/>\n\t\t\t\t\t\t\t\t\t\u20ac 9,99 &#8211; jetzt Kaufen<br \/>\n\t\t\t\t\t<\/a><\/p>\n<p>About Me<\/p>\n<h2>Kai Uwe Ralfs<\/h2>\n<p>Sportsch\u00fctze, Autor und ITler<\/p>\n<p data-sourcepos=\"11:1-11:235\">Seit 2017 bin ich begeisterter Sportsch\u00fctze \u2013 eine Leidenschaft, die ich meinem Sohn verdanke, der mich damals zu diesem faszinierenden Sport gebracht hat. Was mit Neugier begann, entwickelte sich schnell zu einer tiefen Verbundenheit.<\/p>\n<p data-sourcepos=\"13:1-13:174\">Mein Engagement im Schie\u00dfsport geht weit \u00fcber das reine Aus\u00fcben hinaus. Ich habe mir folgende Qualifikationen erarbeitet, um mein Wissen und meine Begeisterung weiterzugeben:<\/p>\n<ul data-sourcepos=\"15:1-18:0\">\n<li data-sourcepos=\"15:1-15:23\"><strong>Schie\u00dfsportleiter<\/strong><\/li>\n<li data-sourcepos=\"16:1-16:40\"><strong>Jugendbasislizenz-Inhaber (JuBaLi)<\/strong><\/li>\n<li data-sourcepos=\"17:1-18:0\"><strong>Trainer C \u2013 Sportschie\u00dfen<\/strong><\/li>\n<\/ul>\n<h3 data-sourcepos=\"27:1-27:25\">Warum diese Webseite?<\/h3>\n<p data-sourcepos=\"29:1-29:295\">Mit dieser Webseite m\u00f6chte ich meine Erfahrungen, meinen Humor und n\u00fctzliche Inhalte rund um das Sportschie\u00dfen mit Ihnen teilen. Egal, ob Sie selbst Sportsch\u00fctze sind, gerade mit dem Sport beginnen oder einfach nur neugierig sind \u2013 hier finden Sie garantiert etwas Unterhaltsames und N\u00fctzliches!<\/p>\n<p data-sourcepos=\"31:1-31:301\">Zudem ist diese Seite die Heimat meines Shops\u00a0<strong>\u201eTreffer &amp; Tinte\u201c<\/strong>. Hier finden Sie nicht nur meine B\u00fccher, sondern auch exklusive Merchandise-Artikel wie\u00a0<strong>Tassen und mit einzigartigen Designs<\/strong>, die meine Leidenschaft f\u00fcr den Schie\u00dfsport widerspiegeln. Schaut gerne vorbei!<\/p>\n<p>\t\t\t\t\t<a href=\"https:\/\/www.facebook.com\/kai.ralfs\/\" target=\"_blank\"><br \/>\n\t\t\t\t\t\tFacebook-f<br \/>\n\t\t\t\t\t\t\t\t\t\t\t<\/a><br \/>\n\t\t\t\t\t<a href=\"https:\/\/www.instagram.com\/kaiuweralfs\/?hl=de\" target=\"_blank\"><br \/>\n\t\t\t\t\t\tInstagram<br \/>\n\t\t\t\t\t\t\t\t\t\t\t<\/a><br \/>\n\t\t\t\t\t\t\t\t\t\t\t\t\t\t\t<img fetchpriority=\"high\" decoding=\"async\" width=\"647\" height=\"1024\" src=\"https:\/\/www.kairalfs.de\/wordpress\/wp-content\/uploads\/2025\/06\/5D6286250F921D7110FDE7F5CCD23366FF748ED5464CA5BA5C3B1E67FBBC008C-647x1024.webp\" alt=\"5D6286250F921D7110FDE7F5CCD23366FF748ED5464CA5BA5C3B1E67FBBC008C 647x1024\" title=\"Home\"><br \/>\n\t\t\t\t\t\t\t\t\t\t\t\t\t\t\t<img decoding=\"async\" width=\"477\" height=\"715\" src=\"https:\/\/www.kairalfs.de\/wordpress\/wp-content\/uploads\/2025\/05\/Cover_final2-1.png\" alt=\"Cover Final2 1\" title=\"Home\"><br \/>\n\t\t\t\t\t\t\t\t\t\t\t\t\t\t\t<img decoding=\"async\" width=\"722\" height=\"1024\" src=\"https:\/\/www.kairalfs.de\/wordpress\/wp-content\/uploads\/2025\/05\/cover-722x1024.jpg\" alt=\"Cover 722x1024\" title=\"Home\"><br \/>\n\t\t\t\t\t\t\t\t\t\t\t\t\t\t\t<img loading=\"lazy\" decoding=\"async\" width=\"965\" height=\"1024\" src=\"https:\/\/www.kairalfs.de\/wordpress\/wp-content\/uploads\/2025\/05\/front-tasse-zweifarbig-005844-1116x-5-965x1024.webp\" alt=\"Front Tasse Zweifarbig 005844 1116x 5 965x1024\" title=\"Home\">\t\t\t\t\t\t\t\t\t\t\t\t\t\t\t<\/p>\n<h3>Lorem ipsum dolor  consec tetuer adi piscing elit sit amet.<br \/>\n<\/h3>\n<p>&#8211; Mark Brownn<\/p>\n<h2>Other Books<\/h2>\n<p>\t\t\t\t\t\t\t\t\t\t\t\t\t\t\t<img decoding=\"async\" width=\"477\" height=\"715\" src=\"https:\/\/www.kairalfs.de\/wordpress\/wp-content\/uploads\/2025\/05\/Cover_final2-1.png\" alt=\"Cover Final2 1\" title=\"Home\">\t\t\t\t\t\t\t\t\t\t\t\t\t\t\t<\/p>\n<p><a href=\"https:\/\/buchshop.bod.de\/ausreden-und-anekdoten-von-sportschuetzen-kai-uwe-ralfs-9783819228438\" target=\"_blank\">Ausreden und Anekdoten f\u00fcr Sportsch\u00fctzen<\/a><\/p>\n<p>\t\t\t\t\t<a href=\"#\"><br \/>\n\t\t\t\t\t\t\t\t\tRead Sample<br \/>\n\t\t\t\t\t<\/a><br \/>\n\t\t\t\t\t\t\t\t\t\t\t\t\t\t\t<img decoding=\"async\" width=\"722\" height=\"1024\" src=\"https:\/\/www.kairalfs.de\/wordpress\/wp-content\/uploads\/2025\/05\/cover-722x1024.jpg\" alt=\"Cover 722x1024\" title=\"Home\">\t\t\t\t\t\t\t\t\t\t\t\t\t\t\t<\/p>\n<p><a href=\"https:\/\/buchshop.bod.de\/fokus-und-praezision-luftgewehr-auflage-schiessen-kai-uwe-ralfs-9783819296086\">Fokus und Pr\u00e4zision: Luftgewehr-Auflage-Schiessen<\/a><\/p>\n<p>\t\t\t\t\t<a href=\"#\"><br \/>\n\t\t\t\t\t\t\t\t\tRead Sample<br \/>\n\t\t\t\t\t<\/a><br \/>\n\t\t\t\t\t\t\t\t\t\t\t\t\t\t\t<img fetchpriority=\"high\" decoding=\"async\" width=\"647\" height=\"1024\" src=\"https:\/\/www.kairalfs.de\/wordpress\/wp-content\/uploads\/2025\/06\/5D6286250F921D7110FDE7F5CCD23366FF748ED5464CA5BA5C3B1E67FBBC008C-647x1024.webp\" alt=\"5D6286250F921D7110FDE7F5CCD23366FF748ED5464CA5BA5C3B1E67FBBC008C 647x1024\" title=\"Home\">\t\t\t\t\t\t\t\t\t\t\t\t\t\t\t<\/p>\n<p><a href=\"https:\/\/buchshop.bod.de\/ausreden-und-anekdoten-fuer-sportschuetzen-teil-2-kai-uwe-ralfs-9783819212390\">Ausreden und Anekdoten f\u00fcr Sportsch\u00fctzen &#8211; Teil 2<\/a><\/p>\n<p>\t\t\t\t\t<a href=\"#\"><br \/>\n\t\t\t\t\t\t\t\t\tRead Sample<br \/>\n\t\t\t\t\t<\/a><\/p>\n","protected":false},"excerpt":{"rendered":"<p>Latest Release Ausreden und Anekdoten &#8211; Teil 2 Sportschie\u00dfen ist Pr\u00e4zision, Disziplin und Konzentration &#8211; zumindest in der Theorie. In der Praxis sieht es oft ein klein wenig anders aus: Der Schuss war perfekt gezielt, das Korn war gestochen scharf, die Atmung kontrolliert &#8230; und trotzdem landet der Treffer meilenweit von der Zehn ent-fernt. Und [&hellip;]<\/p>\n","protected":false},"author":1,"featured_media":0,"parent":0,"menu_order":0,"comment_status":"closed","ping_status":"closed","template":"","meta":{"site-sidebar-layout":"no-sidebar","site-content-layout":"page-builder","ast-site-content-layout":"full-width-container","site-content-style":"unboxed","site-sidebar-style":"unboxed","ast-global-header-display":"","ast-banner-title-visibility":"","ast-main-header-display":"","ast-hfb-above-header-display":"","ast-hfb-below-header-display":"","ast-hfb-mobile-header-display":"","site-post-title":"disabled","ast-breadcrumbs-content":"","ast-featured-img":"disabled","footer-sml-layout":"","ast-disable-related-posts":"","theme-transparent-header-meta":"enabled","adv-header-id-meta":"","stick-header-meta":"default","header-above-stick-meta":"","header-main-stick-meta":"","header-below-stick-meta":"","astra-migrate-meta-layouts":"set","ast-page-background-enabled":"default","ast-page-background-meta":{"desktop":{"background-color":"","background-image":"","background-repeat":"repeat","background-position":"center center","background-size":"auto","background-attachment":"scroll","background-type":"","background-media":"","overlay-type":"","overlay-color":"","overlay-opacity":"","overlay-gradient":""},"tablet":{"background-color":"","background-image":"","background-repeat":"repeat","background-position":"center center","background-size":"auto","background-attachment":"scroll","background-type":"","background-media":"","overlay-type":"","overlay-color":"","overlay-opacity":"","overlay-gradient":""},"mobile":{"background-color":"","background-image":"","background-repeat":"repeat","background-position":"center center","background-size":"auto","background-attachment":"scroll","background-type":"","background-media":"","overlay-type":"","overlay-color":"","overlay-opacity":"","overlay-gradient":""}},"ast-content-background-meta":{"desktop":{"background-color":"var(--ast-global-color-5)","background-image":"","background-repeat":"repeat","background-position":"center center","background-size":"auto","background-attachment":"scroll","background-type":"","background-media":"","overlay-type":"","overlay-color":"","overlay-opacity":"","overlay-gradient":""},"tablet":{"background-color":"var(--ast-global-color-5)","background-image":"","background-repeat":"repeat","background-position":"center center","background-size":"auto","background-attachment":"scroll","background-type":"","background-media":"","overlay-type":"","overlay-color":"","overlay-opacity":"","overlay-gradient":""},"mobile":{"background-color":"var(--ast-global-color-5)","background-image":"","background-repeat":"repeat","background-position":"center center","background-size":"auto","background-attachment":"scroll","background-type":"","background-media":"","overlay-type":"","overlay-color":"","overlay-opacity":"","overlay-gradient":""}},"footnotes":""},"class_list":["post-732","page","type-page","status-publish","hentry"],"yoast_head":"<!-- This site is optimized with the Yoast SEO plugin v27.1.1 - https:\/\/yoast.com\/product\/yoast-seo-wordpress\/ -->\n<title>Home - Kai Ralfs<\/title>\n<meta name=\"robots\" content=\"index, follow, max-snippet:-1, max-image-preview:large, max-video-preview:-1\" \/>\n<link rel=\"canonical\" href=\"https:\/\/www.kairalfs.de\/wordpress\/home-2\/\" \/>\n<meta property=\"og:locale\" content=\"de_DE\" \/>\n<meta property=\"og:type\" content=\"article\" \/>\n<meta property=\"og:title\" content=\"Home - Kai Ralfs\" \/>\n<meta property=\"og:description\" content=\"Latest Release Ausreden und Anekdoten &#8211; Teil 2 Sportschie\u00dfen ist Pr\u00e4zision, Disziplin und Konzentration &#8211; zumindest in der Theorie. In der Praxis sieht es oft ein klein wenig anders aus: Der Schuss war perfekt gezielt, das Korn war gestochen scharf, die Atmung kontrolliert &#8230; und trotzdem landet der Treffer meilenweit von der Zehn ent-fernt. Und [&hellip;]\" \/>\n<meta property=\"og:url\" content=\"https:\/\/www.kairalfs.de\/wordpress\/home-2\/\" \/>\n<meta property=\"og:site_name\" content=\"Kai Ralfs\" \/>\n<meta property=\"article:modified_time\" content=\"2026-02-12T09:18:40+00:00\" \/>\n<meta property=\"og:image\" content=\"https:\/\/www.kairalfs.de\/wordpress\/wp-content\/uploads\/2025\/06\/5D6286250F921D7110FDE7F5CCD23366FF748ED5464CA5BA5C3B1E67FBBC008C-647x1024.webp\" \/>\n<meta name=\"twitter:card\" content=\"summary_large_image\" \/>\n<meta name=\"twitter:label1\" content=\"Gesch\u00e4tzte Lesezeit\" \/>\n\t<meta name=\"twitter:data1\" content=\"3\u00a0Minuten\" \/>\n<script type=\"application\/ld+json\" class=\"yoast-schema-graph\">{\"@context\":\"https:\/\/schema.org\",\"@graph\":[{\"@type\":\"WebPage\",\"@id\":\"https:\/\/www.kairalfs.de\/wordpress\/home-2\/\",\"url\":\"https:\/\/www.kairalfs.de\/wordpress\/home-2\/\",\"name\":\"Home - Kai Ralfs\",\"isPartOf\":{\"@id\":\"https:\/\/www.kairalfs.de\/wordpress\/#website\"},\"primaryImageOfPage\":{\"@id\":\"https:\/\/www.kairalfs.de\/wordpress\/home-2\/#primaryimage\"},\"image\":{\"@id\":\"https:\/\/www.kairalfs.de\/wordpress\/home-2\/#primaryimage\"},\"thumbnailUrl\":\"https:\/\/www.kairalfs.de\/wordpress\/wp-content\/uploads\/2025\/06\/5D6286250F921D7110FDE7F5CCD23366FF748ED5464CA5BA5C3B1E67FBBC008C-647x1024.webp\",\"datePublished\":\"2025-07-09T07:49:12+00:00\",\"dateModified\":\"2026-02-12T09:18:40+00:00\",\"breadcrumb\":{\"@id\":\"https:\/\/www.kairalfs.de\/wordpress\/home-2\/#breadcrumb\"},\"inLanguage\":\"de\",\"potentialAction\":[{\"@type\":\"ReadAction\",\"target\":[\"https:\/\/www.kairalfs.de\/wordpress\/home-2\/\"]}]},{\"@type\":\"ImageObject\",\"inLanguage\":\"de\",\"@id\":\"https:\/\/www.kairalfs.de\/wordpress\/home-2\/#primaryimage\",\"url\":\"https:\/\/www.kairalfs.de\/wordpress\/wp-content\/uploads\/2025\/06\/5D6286250F921D7110FDE7F5CCD23366FF748ED5464CA5BA5C3B1E67FBBC008C-647x1024.webp\",\"contentUrl\":\"https:\/\/www.kairalfs.de\/wordpress\/wp-content\/uploads\/2025\/06\/5D6286250F921D7110FDE7F5CCD23366FF748ED5464CA5BA5C3B1E67FBBC008C-647x1024.webp\"},{\"@type\":\"BreadcrumbList\",\"@id\":\"https:\/\/www.kairalfs.de\/wordpress\/home-2\/#breadcrumb\",\"itemListElement\":[{\"@type\":\"ListItem\",\"position\":1,\"name\":\"Startseite\",\"item\":\"https:\/\/www.kairalfs.de\/wordpress\/\"},{\"@type\":\"ListItem\",\"position\":2,\"name\":\"Home\"}]},{\"@type\":\"WebSite\",\"@id\":\"https:\/\/www.kairalfs.de\/wordpress\/#website\",\"url\":\"https:\/\/www.kairalfs.de\/wordpress\/\",\"name\":\"Kai Ralfs\",\"description\":\"Sportschie\u00dfen und mehr\",\"potentialAction\":[{\"@type\":\"SearchAction\",\"target\":{\"@type\":\"EntryPoint\",\"urlTemplate\":\"https:\/\/www.kairalfs.de\/wordpress\/?s={search_term_string}\"},\"query-input\":{\"@type\":\"PropertyValueSpecification\",\"valueRequired\":true,\"valueName\":\"search_term_string\"}}],\"inLanguage\":\"de\"}]}<\/script>\n<!-- \/ Yoast SEO plugin. -->","yoast_head_json":{"title":"Home - Kai Ralfs","robots":{"index":"index","follow":"follow","max-snippet":"max-snippet:-1","max-image-preview":"max-image-preview:large","max-video-preview":"max-video-preview:-1"},"canonical":"https:\/\/www.kairalfs.de\/wordpress\/home-2\/","og_locale":"de_DE","og_type":"article","og_title":"Home - Kai Ralfs","og_description":"Latest Release Ausreden und Anekdoten &#8211; Teil 2 Sportschie\u00dfen ist Pr\u00e4zision, Disziplin und Konzentration &#8211; zumindest in der Theorie. In der Praxis sieht es oft ein klein wenig anders aus: Der Schuss war perfekt gezielt, das Korn war gestochen scharf, die Atmung kontrolliert &#8230; und trotzdem landet der Treffer meilenweit von der Zehn ent-fernt. Und [&hellip;]","og_url":"https:\/\/www.kairalfs.de\/wordpress\/home-2\/","og_site_name":"Kai Ralfs","article_modified_time":"2026-02-12T09:18:40+00:00","og_image":[{"url":"https:\/\/www.kairalfs.de\/wordpress\/wp-content\/uploads\/2025\/06\/5D6286250F921D7110FDE7F5CCD23366FF748ED5464CA5BA5C3B1E67FBBC008C-647x1024.webp","type":"","width":"","height":""}],"twitter_card":"summary_large_image","twitter_misc":{"Gesch\u00e4tzte Lesezeit":"3\u00a0Minuten"},"schema":{"@context":"https:\/\/schema.org","@graph":[{"@type":"WebPage","@id":"https:\/\/www.kairalfs.de\/wordpress\/home-2\/","url":"https:\/\/www.kairalfs.de\/wordpress\/home-2\/","name":"Home - Kai Ralfs","isPartOf":{"@id":"https:\/\/www.kairalfs.de\/wordpress\/#website"},"primaryImageOfPage":{"@id":"https:\/\/www.kairalfs.de\/wordpress\/home-2\/#primaryimage"},"image":{"@id":"https:\/\/www.kairalfs.de\/wordpress\/home-2\/#primaryimage"},"thumbnailUrl":"https:\/\/www.kairalfs.de\/wordpress\/wp-content\/uploads\/2025\/06\/5D6286250F921D7110FDE7F5CCD23366FF748ED5464CA5BA5C3B1E67FBBC008C-647x1024.webp","datePublished":"2025-07-09T07:49:12+00:00","dateModified":"2026-02-12T09:18:40+00:00","breadcrumb":{"@id":"https:\/\/www.kairalfs.de\/wordpress\/home-2\/#breadcrumb"},"inLanguage":"de","potentialAction":[{"@type":"ReadAction","target":["https:\/\/www.kairalfs.de\/wordpress\/home-2\/"]}]},{"@type":"ImageObject","inLanguage":"de","@id":"https:\/\/www.kairalfs.de\/wordpress\/home-2\/#primaryimage","url":"https:\/\/www.kairalfs.de\/wordpress\/wp-content\/uploads\/2025\/06\/5D6286250F921D7110FDE7F5CCD23366FF748ED5464CA5BA5C3B1E67FBBC008C-647x1024.webp","contentUrl":"https:\/\/www.kairalfs.de\/wordpress\/wp-content\/uploads\/2025\/06\/5D6286250F921D7110FDE7F5CCD23366FF748ED5464CA5BA5C3B1E67FBBC008C-647x1024.webp"},{"@type":"BreadcrumbList","@id":"https:\/\/www.kairalfs.de\/wordpress\/home-2\/#breadcrumb","itemListElement":[{"@type":"ListItem","position":1,"name":"Startseite","item":"https:\/\/www.kairalfs.de\/wordpress\/"},{"@type":"ListItem","position":2,"name":"Home"}]},{"@type":"WebSite","@id":"https:\/\/www.kairalfs.de\/wordpress\/#website","url":"https:\/\/www.kairalfs.de\/wordpress\/","name":"Kai Ralfs","description":"Sportschie\u00dfen und mehr","potentialAction":[{"@type":"SearchAction","target":{"@type":"EntryPoint","urlTemplate":"https:\/\/www.kairalfs.de\/wordpress\/?s={search_term_string}"},"query-input":{"@type":"PropertyValueSpecification","valueRequired":true,"valueName":"search_term_string"}}],"inLanguage":"de"}]}},"jetpack_sharing_enabled":true,"_links":{"self":[{"href":"https:\/\/www.kairalfs.de\/wordpress\/wp-json\/wp\/v2\/pages\/732","targetHints":{"allow":["GET"]}}],"collection":[{"href":"https:\/\/www.kairalfs.de\/wordpress\/wp-json\/wp\/v2\/pages"}],"about":[{"href":"https:\/\/www.kairalfs.de\/wordpress\/wp-json\/wp\/v2\/types\/page"}],"author":[{"embeddable":true,"href":"https:\/\/www.kairalfs.de\/wordpress\/wp-json\/wp\/v2\/users\/1"}],"replies":[{"embeddable":true,"href":"https:\/\/www.kairalfs.de\/wordpress\/wp-json\/wp\/v2\/comments?post=732"}],"version-history":[{"count":22,"href":"https:\/\/www.kairalfs.de\/wordpress\/wp-json\/wp\/v2\/pages\/732\/revisions"}],"predecessor-version":[{"id":997,"href":"https:\/\/www.kairalfs.de\/wordpress\/wp-json\/wp\/v2\/pages\/732\/revisions\/997"}],"wp:attachment":[{"href":"https:\/\/www.kairalfs.de\/wordpress\/wp-json\/wp\/v2\/media?parent=732"}],"curies":[{"name":"wp","href":"https:\/\/api.w.org\/{rel}","templated":true}]}}